ed by 90.
89
Calculate the remainder when 307 is divided by 104.
99
Calculate the remainder when 359 is divided by 30.
29
Calculate the remainder when 657 is divided by 7.
6
Calculate the remainder when 321 is divided by 21.
6
What is the remainder when 98 is divided by 15?
8
What is the remainder when 35 is divided by 21?
14
Calculate the remainder when 3413 is divided by 1698.
17
What is the remainder when 4621 is divided by 16?
13
Calculate the remainder when 28 is divided by 3.
1
What is the remainder when 756 is divided by 186?
12
What is the remainder when 599 is divided by 120?
119
What is the remainder when 67 is divided by 10?
7
Calculate the remainder when 806 is divided by 60.
26
Calculate the remainder when 414 is divided by 42.
36
What is the remainder when 9 is divided by 4?
1
What is the remainder when 584 is divided by 116?
4
What is the remainder when 460 is divided by 147?
19
What is the remainder when 35 is divided by 7?
0
Calculate the remainder when 17288 is divided by 23.
15
Calculate the remainder when 126 is divided by 87.
39
What is the remainder when 7176 is divided by 97?
95
Calculate the remainder when 29 is divided by 18.
11
Calculate the remainder when 87 is divided by 27.
6
Calculate the remainder when 1271 is divided by 77.
39
What is the remainder when 661 is divided by 199?
64
Calculate the remainder when 98 is divided by 26.
20
Calculate the remainder when 1147 is divided by 14.
13
Calculate the remainder when 138 is divided by 16.
10
What is the remainder when 244 is divided by 77?
13
Calculate the remainder when 3596 is divided by 180.
176
Calculate the remainder when 3495 is divided by 1164.
3
What is the remainder when 234 is divided by 41?
29
Calculate the remainder when 346 is divided by 247.
99
Calculate the remainder when 3335 is divided by 20.
15
What is the remainder when 178 is divided by 74?
30
What is the remainder when 196 is divided by 20?
16
What is the remainder when 284 is divided by 83?
35
What is the remainder when 91 is divided by 10?
1
What is the remainder when 1441 is divided by 31?
15
What is the remainder when 54 is divided by 8?
6
What is the remainder when 6778 is divided by 521?
5
What is the remainder when 485 is divided by 27?
26
Calculate the remainder when 735 is divided by 6.
3
What is the remainder when 164 is divided by 33?
32
What is the remainder when 3951 is divided by 1973?
5
Calculate the remainder when 140 is divided by 7.
0
Calculate the remainder when 630 is divided by 171.
117
What is the remainder when 137 is divided by 31?
13
Calculate the remainder when 179 is divided by 58.
5
What is the remainder when 45 is divided by 23?
22
Calculate the remainder when 590 is divided by 278.
34
What is the remainder when 20577 is divided by 15?
12
What is the remainder when 1083 is divided by 275?
258
Calculate the remainder when 278 is divided by 140.
138
Calculate the remainder when 142 is divided by 31.
18
Calculate the remainder when 5031 is divided by 27.
9
Calculate the remainder when 240 is divided by 7.
2
Calculate the remainder when 732 is divided by 688.
44
What is the remainder when 473 is divided by 48?
41
What is the remainder when 689 is divided by 171?
5
Calculate the remainder when 2711 is divided by 24.
23
Calculate the remainder when 244 is divided by 134.
110
Calculate the remainder when 4266 is divided by 10.
6
What is the remainder when 204 is divided by 2?
0
What is the remainder when 2429 is divided by 64?
61
What is the remainder when 351 is divided by 36?
27
Calculate the remainder when 62 is divided by 7.
6
What is the remainder when 2977 is divided by 33?
7
Calculate the remainder when 363 is divided by 7.
6
What is the remainder when 49 is divided by 14?
7
What is the remainder when 277 is divided by 7?
4
What is the remainder when 1191 is divided by 19?
13
What is the remainder when 30 is divided by 11?
8
Calculate the remainder when 418 is divided by 42.
40
Calculate the remainder when 94 is divided by 53.
41
Calculate the remainder when 2403 is divided by 96.
3
Calculate the remainder when 1061 is divided by 300.
161
Calculate the remainder when 361 is divided by 31.
20
What is the remainder when 9749 is divided by 7?
5
Calculate the remainder when 1034 is divided by 173.
169
Calculate the remainder when 5370 is divided by 150.
120
Calculate the remainder when 490 is divided by 369.
121
Calculate the remainder when 32 is divided by 9.
5
Calculate the remainder when 1118 is divided by 51.
47
Calculate the remainder when 449 is divided by 38.
31
Calculate the remainder when 923 is divided by 153.
5
Calculate the remainder when 163 is divided by 13.
7
What is the remainder when 351 is divided by 32?
31
What is the remainder when 102 is divided by 37?
28
What is the remainder when 468 is divided by 67?
66
What is the remainder when 90 is divided by 23?
21
What is the remainder when 529 is divided by 2?
1
Calculate the remainder when 197 is divided by 58.
23
Calculate the remainder when 528 is divided by 245.
38
Calculate the remainder when 340 is divided by 7.
4
What is the remainder when 118 is divided by 31?
25
What is the remainder when 305 is divided by 63?
53
What is the remainder when 44 is divided by 35?
9
Calculate the remainder when 67 is divided by 23.
21
Calculate the remainder when 189 is divided by 6.
3
Calculate the remainder when 1272 is divided by 158.
8
What is the remainder when 3008 is divided by 250?
8
What is the remainder when 152 is divided by 81?
71
Calculate the remainder when 362 is divided by 74.
66
Calculate the remainder when 298 is divided by 38.
32
Calculate the remainder when 6249 is divided by 125.
124
Calculate the remainder when 254 is divided by 43.
39
What is the remainder when 532 is divided by 74?
14
Calculate the remainder when 1186 is divided by 589.
8
What is the remainder when 837 is divided by 56?
53
Calculate the remainder when 668 is divided by 11.
8
What is the remainder when 3413 is divided by 10?
3
What is the remainder when 127 is divided by 65?
62
What is the remainder when 110 is divided by 63?
47
What is the remainder when 166 is divided by 13?
10
What is the remainder when 1469 is divided by 54?
11
What is the remainder when 600 is divided by 9?
6
Calculate the remainder when 118 is divided by 11.
8
What is the remainder when 320 is divided by 19?
16
Calculate the remainder when 2011 is divided by 657.
40
What is the remainder when 5250 is divided by 872?
18
What is the remainder when 6410 is divided by 229?
227
Calculate the remainder when 58 is divided by 37.
21
Calculate the remainder when 301 is divided by 73.
9
Calculate the remainder when 16 is divided by 2.
0
Calculate the remainder when 1604 is divided by 362.
156
What is the remainder when 122 is divided by 26?
18
Calculate the remainder when 454 is divided by 57.
55
Calculate the remainder when 868 is divided by 67.
64
Calculate the remainder when 19527 is divided by 186.
183
Calculate the remainder when 1283 is divided by 13.
9
What is the remainder when 136 is divided by 76?
60
Calculate the remainder when 271 is divided by 68.
67
Calculate the remainder when 2182 is divided by 115.
112
Calculate the remainder when 1318 is divided by 633.
52
Calculate the remainder when 221 is divided by 86.
49
What is the remainder when 370 is divided by 184?
2
Calculate the remainder when 1408 is divided by 704.
0
What is the remainder when 783 is divided by 261?
0
Calculate the remainder when 233 is divided by 19.
5
What is the remainder when 4637 is divided by 27?
20
What is the remainder when 292 is divided by 85?
37
Calculate the remainder when 1783 is divided by 35.
33
What is the remainder when 21 is divided by 6?
3
What is the remainder when 3146 is divided by 50?
46
What is the remainder when 68 is divided by 26?
16
Calculate the remainder when 1706 is divided by 766.
174
What is the remainder when 209 is divided by 43?
37
Calculate the remainder when 1585 is divided by 115.
90
Calculate the remainder when 182 is divided by 32.
22
What is the remainder when 69 is divided by 8?
5
What is the remainder when 1806 is divided by 107?
94
Calculate the remainder when 179 is divided by 65.
49
What is the remainder when 1630 is divided by 24?
22